at is the thousands digit of 555613/31 - 8/2?
7
What is the tens digit of 6 + (-28)/5 - (3 + 167739/(-15))?
8
Let z(w) = 12*w**2 - 383*w + 62. What is the hundreds digit of z(-10)?
0
Let b = 3330 + -1883. Suppose 5*z + 307 - b = 0. Let d = 375 - z. What is the hundreds digit of d?
1
Let c(k) = 4*k + 8. Let i be c(0). Suppose 9*o = 2*j + i*o - 237, -3*o - 15 = 0. What is the tens digit of j?
1
Suppose -13559 = -j - 105*q + 107*q, 0 = -5*q + 30. What is the tens digit of j?
7
Suppose 51*j = 50*j + 253. Let y = 24 + j. What is the hundreds digit of y?
2
Suppose 0 = -2*v - 3*h + 12 + 60, 3*v + 3*h = 105. Let r = v - -305. What is the hundreds digit of r?
3
Let y be 5 + 0/(-2 + 0). Let u = 8406 - 8411. What is the tens digit of 18*4 + (y + -9 - u)?
7
Let p(d) = 497*d**2 - 70*d + 138. What is the tens digit of p(5)?
1
Suppose l + 4*c - 361 = -4*l, 0 = -3*c + 12. Let p(m) = m**3 - 3. Let w be p(-3). Let h = w + l. What is the units digit of h?
9
Let r(f) = f**3 + 3*f + 12423. Let x be r(0). Suppose -4*t + 5*t - 8862 = -5*n, -7*n + 4*t = -x. What is the units digit of n?
3
Let k(z) = z**3 - 6*z - 137. Let w be k(0). Let m = 345 + w. What is the hundreds digit of m?
2
What is the units digit of 130/(-13) + 917 + 1 + -7?
1
Let u = 146 - 252. Let w = u - -32. Let r = 50 - w. What is the tens digit of r?
2
Suppose -3*q - 4*f = -1, -16*f + 19*f = -6. Let u be (-11 + 1)*(-34)/5. Suppose -n = -3*j - u, -q*n + 269 = -0*n + 4*j. What is the units digit of n?
3
Suppose 0 = -35*l + 166901 + 77924. What is the tens digit of l?
9
Let v = -718 - -717. Suppose o - 5*m + 15 = 0, 2*o - 4*m + 1 = -o. What is the hundreds digit of (o - -191) + v + 2?
1
Let w(n) = 2*n**3 - 12*n**2 - 4*n - 28. Let x(b) = -3*b**3 + 10*b**2 + 4*b + 30. Let u(y) = -4*w(y) - 5*x(y). What is the units digit of u(5)?
7
Let u = -266 - -464. What is the tens digit of 33528/u - (2/6 - -1)?
6
Let o(k) = 20*k**2 + 38*k + 831. What is the thousands digit of o(-13)?
3
Let x(a) = -4074*a + 3549. What is the ten thousands digit of x(-3)?
1
Let j be (1/3)/(19/7866). Let a = j + 868. What is the thousands digit of a?
1
Let t be (-1)/(3 + -7*1/2). Suppose 2*f - 2 = -t*a - f, 3*f - 4 = -4*a. What is the hundreds digit of (-3)/(8/(-4) + a) - -100?
1
Let j be 10/15*-6 + 2 + 17. Suppose 46*l - 47*l = -j. What is the units digit of 6/(-2)*(1 + (-1175)/l)?
2
Let k(m) = -m**2 - 3*m. Let p be k(-1). Suppose -p*y = 3*f - 539, -27 = -f + y + 146. What is the units digit of f?
7
Suppose t + x = -3*t + 39, -3*t + 18 = -3*x. Let j(g) = 16*g**2 - 21*g**2 - 19 + 6*g**2 - 6*g. What is the units digit of j(t)?
8
Suppose -43*y + 58 = -42*y. Suppose y = -3*l + 328. Let d = l + -51. What is the tens digit of d?
3
Let y = 52 + -53. Let u(w) = w + 3. Let r be u(y). Suppose 4*p = 4*m - 304, -r*p + 7*p = 15. What is the tens digit of m?
7
Let d(n) = 81*n**2 + 12*n + 58. Let k = 169 - 173. What is the thousands digit of d(k)?
1
Suppose 2*a - 6*a - 46 = -y, 3*a - 222 = -4*y. Let t be (-33)/2*36/y. Let q(r) = -r**2 - 24*r - 12. What is the tens digit of q(t)?
3
Let u(s) = 19*s - 48. Let c(l) be the first derivative of l**4/4 - 7*l**3/3 - 17*l**2/2 + l + 4. Let j be c(9). What is the hundreds digit of u(j)?
1
Let n = 223 + -114. Let m = n + -89. What is the units digit of m?
0
Let g = 24 + -20. Suppose -m - 18 = -g*m. Suppose -168 + 36 = -m*b. What is the tens digit of b?
2
Let n = -11657 + 25935. What is the hundreds digit of n?
2
Let i = 1801 - -14197. What is the units digit of i?
8
Suppose 0 = -2*i - 4, 348 + 356 = 4*j - 2*i. Let p = j - 104. What is the units digit of p?
1
Let w(r) = 2*r**2 + 131*r + 534. What is the tens digit of w(-4)?
4
Suppose 37 = -10*v - 243. Let x(u) = -81*u + 40. Let t be x(10). What is the units digit of 1 + (t/v - (-3)/(-2))?
7
Let y(n) = 28*n - 231. Suppose 2*p - 78 = -2*s, s - 191 = 6*p - 11*p. What is the hundreds digit of y(p)?
8
Let w(u) = -u**3 + 14*u**2 - 11*u - 24. Let a be w(13). Suppose -20 = -6*p + p, a*n = -p + 2. What is the tens digit of n/(((-2)/2)/137)?
3
Let h(t) = -t**3 + 18*t**2 - 1. Let g be h(18). Let n(z) = 8*z**2 - 4*z - 5. Let l be n(g). Let s(c) = 17*c - 79. What is the tens digit of s(l)?
4
Suppose 17*v = 84*v - 6*v - 647332. What is the thousands digit of v?
0
What is the units digit of (2 + 10/(-15))/(6/324)?
2
Suppose -25*v + 26*v - 211488 = -47*v. What is the thousands digit of v?
4
Suppose 7*t - 5056 = 1020. Suppose 2*c + 2*c - t = 0. Let r = -13 + c. What is the hundreds digit of r?
2
Let l = -15 - -19. Suppose 5 = -l*x + 229. Suppose 5*u - 68 = -m - 3*m, 5*u - x = 2*m. What is the units digit of u?
2
Let v = 12320 - -106. What is the tens digit of v?
2
Suppose -14*u - 7*u + 81852 + 28440 = 0. What is the thousands digit of u?
5
Let h be (-1648)/(-12)*(11 - 5). Suppose 4*y = 3 + 13. Suppose -y*c = 288 - h. What is the tens digit of c?
3
Let h be 32/144 - 4426/(-9). Suppose -4*v - h = -4*k, 2*k - v + 4*v = 221. What is the hundreds digit of k?
1
Suppose -3*c = -6, 2*p + 7*c - 16 = 2*c. Suppose -3*o - 2*r = -7*r - 135, -p*r + 109 = 2*o. Suppose -o = 10*d - 11*d. What is the units digit of d?
0
Suppose 62*i - 10683 = 53*i. Suppose 6*y - 226 = -s + 3*y, -5*s + 4*y = -i. What is the tens digit of s?
3
Suppose -42*c = -561851 + 134165. What is the tens digit of c?
8
Suppose 1278779 = 39*v + 199610. What is the units digit of v?
1
Suppose -97554 = -16*o - 7618. What is the thousands digit of o?
5
Let o = -31652 + 71505. What is the hundreds digit of o?
8
Let m(r) = -15 - 63*r**2 - 26*r - 42*r**2 + 73*r**2 + r**3 + 7*r. What is the units digit of m(33)?
7
Suppose 3*y = -5*k + 30, -4*y + 26 = 5*k - 9. Suppose 0*q - 5*c = q - 36, -3*q + 58 = 5*c. Suppose -861 = -q*s - k. What is the units digit of s?
8
Let y(d) = 134*d + 149. What is the tens digit of y(44)?
4
Let k = 364 + 1179. What is the tens digit of k + (-4)/(-4) + -4?
4
Suppose -4*j + 4*p = -6*j + 1268, p = j - 634. Suppose 534 + j = 3*g + 5*r, -2*g + 777 = 5*r. What is the hundreds digit of g?
3
Let t = -33 + 33. Suppose 10*a - 50 - 10 = t. Suppose -5*w + 2*w - a = -4*h, -4*w = 3*h - 17. What is the units digit of w?
2
Let m = 5 + -14. Let n(x) = x**3 + 9*x**2 - 4*x - 6. Let l be n(m). Let y = l - -16. What is the tens digit of y?
4
Let w(r) = 7*r**2 + 6*r - 86. Let h be (-2)/(-8) + (-4 - (-649)/44). What is the units digit of w(h)?
7
Let i(s) = 4*s**2 + 7*s - 21. Let h be i(-7). What is the units digit of 2080/6 - 84/h?
6
Let o(w) = w**3 - 22*w**2 - 20*w - 73. Let h be o(23). What is the tens digit of (4/(-6))/(h/1722)?
8
Let n(h) = 11*h**2 - 7*h - 11. Let d(i) = i**2 - 9 - 11*i + 26 + 2*i. Let f be d(5). What is the units digit of n(f)?
9
Let j = 4820 - -1687. What is the units digit of j?
7
Let p be (-2)/3 + 14*2/6. Suppose 4*k = -8*o + 13*o - 4753, 0 = 3*o - p*k - 2855. What is the units digit of o?
9
What is the tens digit of (6/3 + 27 + -16)*(-2481)/(-3)?
5
Suppose 148423 = 2*c - 5*p, 77*c = 82*c + 5*p - 370900. What is the units digit of c?
9
Suppose -3*m = -8 - 7, 4*y = -4*m + 52. Suppose 5*k - y = k. Suppose -k*g + 143 = -19. What is the tens digit of g?
8
Suppose 0 = 871*p + 868*p - 1732*p - 184625. What is the thousands digit of p?
6
What is the ten thousands digit of (-11548238)/(-304) - ((-6)/16)/1?
3
Let n = 773 + -447. What is the hundreds digit of n?
3
Let k(m) be the third derivative of 31*m**5/30 - 2*m**4/3 - 22*m**3/3 - 37*m**2. What is the thousands digit of k(-4)?
1
Suppose 35*z = -12931 + 34876. What is the units digit of 564366/z - 2/19?
0
Suppose p = r - 23175, 0 = 5*p - 516 + 546. What is the ten thousands digit of r?
2
Suppose i = 2*c + 1557, 0 = -0*c - c - 4. Suppose n - i = -2*f, 4631 = 15*n - 12*n + 2*f. What is the hundreds digit of n?
5
Let s = -30707 - -43442. What is the units digit of s?
5
Let m(r) = 4*r**2 + 11*r + 25. Let o be m(-12). Suppose 8*w = o + 795. What is the units digit of w?
8
Suppose -6*y + 50 = 4*y. Suppose 0 = 2*q - y*q + 45. Suppose -270 = q*w - 18*w. What is the tens digit of w?
9
Let j(n) = -11*n + 97. Let z be j(10). Let o(a) = a**3 + 13*a**2 - 7*a + 47. What is the units digit of o(z)?
8
Let t = -23 - -55. Let f = t - 32. Suppose -2*w - 22 + 302 = f. What is the units digit of w?
0
Let r = 76 - 75. Let t(a) = 10*a**2 + 3*a - 2. Let b be t(r). Let v(s) = s + 3. Wh